r) = -r**3 + 19*r**2 - 40*r + 406. Calculate s(18).
10
Let a(y) = -y**3 + 17*y**2 - 17*y + 25. What is a(16)?
9
Let m(v) = -v**2 - 15*v. Give m(-15).
0
Let q(w) = -2*w - 6. Give q(-5).
4
Let h(i) = -2*i**2 + 9*i - 6. What is h(6)?
-24
Let b(j) = -j**3 + 23*j**2 + 75*j + 82. Determine b(26).
4
Let k(t) = t**3 + 17*t**2 - 17*t + 17. Give k(-18).
-1
Let n(m) = -2*m**3 + 4*m**2 - 2*m - 1. Give n(2).
-5
Let m(i) = -i**2 + 14*i - 7. Give m(13).
6
Let x(m) = -m**2 + 2*m - 1. Calculate x(5).
-16
Let t(z) = z**3 + 6*z**2 - 7*z - 8. Calculate t(-7).
-8
Let m(d) = 4*d**3 + 3*d**2 - 2*d. Calculate m(1).
5
Let g(h) = h**2 - 8*h + 19. Determine g(6).
7
Let d(j) = j**3 - 4*j**2 - j - 2. What is d(3)?
-14
Let s(j) = 6*j**3 - 4*j - 4. What is s(-2)?
-44
Let k(c) = -7*c - 70. Give k(-9).
-7
Let l(z) = z**3 - 9*z**2 + 2*z + 15. Give l(8).
-33
Let z(m) = -2*m**3 - 10*m**2 + 4*m - 1. Give z(-6).
47
Let w(m) = -m**2 - 40*m - 152. Give w(-36).
-8
Let m(f) = -2*f**2 - 9*f + 5. Determine m(-8).
-51
Let o(s) = -4*s - 15. What is o(-6)?
9
Let s(g) = 6*g - 145. Give s(17).
-43
Let o(h) = 4*h**2 + h. Determine o(-1).
3
Let f(u) = u**2 + 11*u - 47. Give f(-15).
13
Let y(b) = 5*b - 182. What is y(36)?
-2
Let k(p) = p**2 - 8*p + 9. Give k(7).
2
Let r(v) = 3*v**2 - 17*v - 22. Determine r(6).
-16
Let x(f) = -f**2 + 13*f - 39. Calculate x(10).
-9
Let d(w) = -w**2 + 11*w + 9. Calculate d(13).
-17
Let w(t) = -t**2 + 13*t - 7. Give w(9).
29
Let l(f) = f**2 - 7*f - 126. Calculate l(-8).
-6
Let b(q) = q**3 + 2*q**2 - 2*q. Determine b(2).
12
Let d(a) = -a**2 + 18*a + 11. Determine d(21).
-52
Let t(k) = -7*k - 9. Give t(3).
-30
Let h(y) = -18*y + 1. Give h(3).
-53
Let d(a) = 13*a - 4. Give d(-1).
-17
Let n(f) = -f**2 - 6*f + 59. Give n(-11).
4
Let h(x) = 3*x**3 - 4*x**2 - 4*x - 4. Give h(4).
108
Let z(i) = -4*i**3 + 109*i**2 - 28*i + 30. Give z(27).
3
Let u(k) = k**3 - 13*k**2 - 15*k - 2. Determine u(14).
-16
Let w(u) = -2*u**3 - 46*u**2 - 45*u - 17. Give w(-22).
5
Let c(s) = -s**2 - 9*s + 101. Calculate c(-14).
31
Let f(h) = h**3 - 5*h**2 - 42*h + 89. Give f(2).
-7
Let i(g) = g**3 - 9*g**2 + 10*g - 16. Determine i(8).
0
Let z(o) = -o**3 + 3*o**2 + 7*o - 5. Give z(6).
-71
Let p(g) = g**3 - 5*g**2 + g - 7. Determine p(5).
-2
Let y(m) = -11*m - 59. Determine y(-5).
-4
Let f(q) = -q**3 + 20*q**2 + 18*q - 18. What is f(21)?
-81
Let d(m) = -m**3 + 2*m**2 - 1. Determine d(-2).
15
Let x(h) = -h**2 + 3*h + 10. Calculate x(-3).
-8
Let g(q) = -q**3 + 13*q**2 - q + 5. Determine g(13).
-8
Let a(b) = b**3 + 9*b**2 - 5*b - 16. Calculate a(-10).
-66
Let t(s) = 3*s**2 + 31*s + 67. Calculate t(-6).
-11
Let l(x) = -x**2 - 11*x + 21. Give l(-12).
9
Let w(q) = -2*q**2 - 14*q - 4. Give w(-6).
8
Let u(s) = -s**3 - 9*s**2 + 10*s + 2. Determine u(-7).
-166
Let b(v) = 3*v + 38. What is b(-18)?
-16
Let k(r) = r**2 - 5*r + 1. Determine k(6).
7
Let d(x) = x**3 - x**2 - 4*x - 6. What is d(3)?
0
Let u(f) = 3*f**2 - 7*f + 3. What is u(3)?
9
Let t(k) = k**2 - 3*k - 2. What is t(-7)?
68
Let v(g) = g**3 - 16*g**2 + 18*g - 78. Determine v(15).
-33
Let l(w) = 2*w**2 + 163*w - 859. Determine l(5).
6
Let b(f) = f**2 - 8*f - 11. Calculate b(9).
-2
Let x(p) = 13*p**2 + p. Calculate x(1).
14
Let l(f) = f**2 + 4*f - 1. Give l(-2).
-5
Let w(l) = l**2 - 59*l + 459. Calculate w(50).
9
Let b(y) = y**3 - 8*y**2 + 8*y - 9. Give b(7).
-2
Let j(p) = -p**2 - 2*p + 5. Calculate j(2).
-3
Let y(c) = c**3 + 13*c**2 + 22*c + 2. What is y(-11)?
2
Let o(i) = -i**2 + 76*i + 311. Calculate o(-4).
-9
Let g(x) = -19*x + 10. Give g(-9).
181
Let r(x) = 114*x**2 + 6*x + 3. Give r(-1).
111
Let y(l) = -6*l + 30. What is y(5)?
0
Let t(n) = -n**3 + 24*n**2 + 3*n - 23. Calculate t(24).
49
Let w(x) = -x**3 + x**2 - x. Give w(0).
0
Let w(i) = 2*i**2 + 6*i - 6. Give w(-5).
14
Let r(o) = 3*o**3 + 5*o**2 + 2*o. Calculate r(-2).
-8
Let d(o) = -3*o**3 - 4*o**2 - 3*o + 1. Determine d(-3).
55
Let o(y) = 34*y - 70. Determine o(8).
202
Let l(o) = o**3 - 10*o**2 - 12*o - 2. What is l(11)?
-13
Let g(j) = j**3 - 14*j**2 + 16*j - 29. Calculate g(13).
10
Let h(u) = -8*u - 3. Determine h(-3).
21
Let l(y) = y**2 - 8*y - 9. What is l(7)?
-16
Let r(g) = g**2 - 7*g + 9. Determine r(4).
-3
Let c(f) = -36*f - 503. Determine c(-14).
1
Let n(z) = -2*z**2 + 115*z + 50. Give n(58).
-8
Let k(z) = -183*z**2 + z - 1. Calculate k(-1).
-185
Let c(b) = b**3 + 12*b**2 - 29*b - 3. Calculate c(-14).
11
Let b(a) = -a**3 + 11*a**2 + 125*a + 15. What is b(18)?
-3
Let r(s) = 68*s**2 + 3*s - 2. Give r(1).
69
Let i(q) = q**2 - 6*q + 11. What is i(5)?
6
Let q(s) = -4*s + 20. Determine q(5).
0
Let t(m) = m**3 - m**2 - m - 8. Give t(4).
36
Let d(i) = i**2 + 7*i. Determine d(-7).
0
Let i(w) = -w**3 - 28*w**2 - 50*w - 23. Determine i(-26).
-75
Let a(h) = -14*h**3 - h**2 - h. Give a(-1).
14
Let c(h) = -h**3 - 16*h**2 + 17*h + 3. Calculate c(-17).
3
Let t(k) = k**2 - k - 1. Give t(-1).
1
Let v(f) = -3*f + 3. Give v(2).
-3
Let w(r) = r**3 - 11*r**2 + 2*r - 32. Calculate w(11).
-10
Let x(c) = -c**2 - 4. Calculate x(-3).
-13
Let y(l) = l**3 + l**2. What is y(-2)?
-4
Let b(x) = -x - 36. Give b(0).
-36
Let k(p) = -p**3 + 13*p**2 + 8. What is k(13)?
8
Let x(l) = l**3 + 7*l**2 - 6*l - 4. What is x(-8)?
-20
Let w(k) = 65*k**2 + 2*k + 1. Determine w(-1).
64
Let q(f) = 2*f**3 + 3*f**2 + 5*f + 5. Calculate q(-2).
-9
Let z(b) = b**3 + 27*b**2 + 65*b - 171. Calculate z(-24).
-3
Let m(f) = -f - 98. Give m(0).
-98
Let t(g) = -8*g - 73. Give t(-12).
23
Let c(t) = -t**3 - 39*t**2 - 37*t + 40. Determine c(-38).
2
Let w(t) = -t**3 + 27*t**2 + 28*t + 2. Calculate w(28).
2
Let q(t) = -8*t**3 - 2*t**2 - t + 2. Calculate q(-2).
60
Let i(z) = 2*z**3 - 7*z**2 - 22*z + 78. What is i(4)?
6
Let d(f) = 16*f - 41. Determine d(2).
-9
Let z(u) = -u**2 - 2*u - 8. Determine z(5).
-43
Let r(u) = u**2 + 9*u + 1. Calculate r(-7).
-13
Let y(f) = f**3 - 8*f**2 + f - 5. Give y(8).
3
Let w(q) = q**2 + 73. What is w(0)?
73
Let t(p) = -36*p**3 - 3*p**2 + 5*p - 2. Calculate t(1).
-36
Let p(l) = l**2 + 9*l + 3. Determine p(-7).
-11
Let q(d) = 2*d**2 + 21*d + 16. Determine q(-11).
27
Let p(g) = g**2 + 3*g - 49. Give p(7).
21
Let g(z) = -2*z + 2. Calculate g(6).
-10
Let v(p) = p**2 - 6*p + 4. Give v(10).
44
Let n(c) = -3*c**2 + 4*c - 6. Determine n(3).
-21
Let s(q) = 4*q**3 - q**2 + q - 4. Determine s(3).
98
Let l(m) = 3*m + 26. Calculate l(-9).
-1
Let s(h) = -20*h - 93. Determine s(-6).
27
Let q(d) = -d**3 + 14*d**2 - 16*d - 25. Give q(13).
-64
Let g(z) = -3*z**3 + 19*z**2 + 2*z + 2. What is g(6)?
50
Let y(c) = c**3 + 18*c**2 - 5*c + 3. Give y(-18).
93
Let q(k) = k + 3. Determine q(6).
9
Let l(j) = 23*j**2 - 2*j - 1. What is l(-1)?
24
Let f(z) = 2*z - 10. What is f(-8)?
-26
Let k(v) = -11*v + 128. Calculate k(11).
7
Let k(p) = -14*p**2 - 1. What is k(-2)?
-57
Let c(n) = -n**2 + 9*n + 5. Determine c(10).
-5
Let h(p) = -p**3 + 6*p**2 + 8*p - 8. Determine h(6).
40
Let t(r) = -r**3 + 9*r**2 + 9*r + 7. Calculate t(10).
-3
Let w(g) = -g**2 + 4*g + 16. Give w(7).
-5
Let l(t) = -t**2 - 2*t - 10. Give l(0).
-10
Let v(l) = -l**3 - 30*l**2 - 30*l - 6. Calculate v(-29).
23
Let p(i) = -i**2 + 10*i - 32. What is p(10)?
-32
Let r(p) = 7*p**3 + p. What is r(-1)?
-8
Let l(b) = -b**2 - 17*b - 69. Give l(-11).
-3
Let i(o) = o**3 - 23*o**2 + 22*o - 12. What is i(22)?
-12
Let s(q) = -2*q - 4. Determine s(-8).
12
Let r(c) = -c + 17. What is r(12)?
5
Let v(i) = i**2 + 10*i - 1. Determine v(-8).
-17
Let k(a) = -a**3 + 14*a**2 - a + 16. Determine k(14).
2
Let x(b) = 3*b**3 - 3*b**2 - b - 3. What is x(3)?
48
Let n(g) = -2*g - 17. Calculate n(-10).
3
Let p(a) = -12*a - 2. What is p(-2)?
22
Let k(f) = -49*f. Calculate k(1).
-49
Let q(w) = -w**3 - 17*w**2 - 17*w + 195. What is q(-15)?
0
Let x(v) = -7*v. Determine x(-1).
7
Let d(m) = -2*m + 42. What is d(16)?
10
Let l(i) = -i**2 - 9*i - 19. What is l(-3)?
-1
Let p(n) = -n**3 - 12*n**2 + 44*n - 8. Calculate p(-15).
7
Let c(f) = -2*f**3 + 6*f**2 + 8*f - 11. Determine c(4).
-11
Let u(r) = -14*r**2 - 2*r + 2. Give u(2).
-58
Let q(l) = -21*l**3 - l**2 + l + 1. Determine q(-1).
20
Let q(n) = -n**3 + 5*n**2 + 2*n - 5. What is q(5)?
5
Let o(d) = d**3 - 6*d**2 - 12*d - 24. Give o(8).
8
Let h(f) = -f**2 + 16*f - 7. Give h(11).
48
Let x(f) = f**3 - 7*f**2 + 20*f - 23. Calculate x(4).
9
Let y(g) = g**2 - 5*g - 1. What is y(6)?
5
Let